t a(i) = 2*i**2 - 7*i + 11. List the prime factors of a(7).
2, 3, 5
Let p(v) = -9 + 2*v**2 - v**3 - 4*v + 10*v**2 - 6*v. Let q be p(11). Suppose 4*z = q*c + 32, c = -4*z - c + 32. List the prime factors of z.
2
Let y(k) = 26*k**2 - 12*k - 12. List the prime factors of y(6).
2, 3, 71
Let s be ((-240)/(-27))/4 - 4/18. Suppose s*k + 4*t - 71 = 287, -k - 4*t = -183. List the prime factors of k.
5, 7
Let w be (-2 + -2)*(-6)/8. Suppose 1531 = 5*n + w*o + o, 5*o = 5*n - 1495. Suppose -5*l - 88 = -n. List the prime factors of l.
43
Let l be (-22)/(-33) + 38/(-3). Let p = l - -12. Suppose 0 = -2*v - 2*n + 104, -5*v - n + 26 + 242 = p. List the prime factors of v.
2, 3
Let x = -73 + 2607. List the prime factors of x.
2, 7, 181
Suppose -15*a - 816 = -11*a. Let i = 316 + a. What are the prime factors of i?
2, 7
Let p(a) = -2*a**2 - 6. Let l be p(-5). Suppose 15 = -5*g, -g + 0 + 9 = -2*n. Let z = n - l. List the prime factors of z.
2, 5
Suppose -363*h + 368*h - 2120 = 0. What are the prime factors of h?
2, 53
Let t = -20 - -18. Let h be -2 - -8 - (t - -3). List the prime factors of ((-4)/h)/(2/(-10)).
2
Suppose 11*j = -203 - 72. Let b be (-6 + 1)*2/2. List the prime factors of b*2/j*40.
2
Let i = 1434 - 930. List the prime factors of i.
2, 3, 7
Let v be 6*(-3 - (-52)/12). Suppose -340 = v*h - 4*h. Let j = h + 123. What are the prime factors of j?
2, 19
Suppose 0 = 15*w - 57 - 93. What are the prime factors of w?
2, 5
Let g(z) = -z**2 + 12*z - 9. Let p be g(6). Suppose 0 = -2*w + w + 29. Suppose 2*y + p + w = 2*s, 3*s = 5*y + 84. What are the prime factors of s?
2, 7
Let i(m) = 2*m + 12. Let w be i(-5). Suppose -f - w*g = -61, -2*f + 3*g = 25 - 140. List the prime factors of f.
59
Let m(z) = -z**3 - 9*z**2 - 6*z + 5. Let w be m(-4). Let k = w - -80. List the prime factors of k.
29
Suppose -2*y = -6*a + 3*a - 551, -5*a - 4*y - 889 = 0. Let v = 293 + a. What are the prime factors of v?
2, 7
Let i(a) = -48*a - 21. Let y be i(7). Let d = -179 - y. What are the prime factors of d?
2, 89
Suppose 142 + 1022 = 6*t. What are the prime factors of t?
2, 97
Suppose -7*y - 356 - 1 = 0. List the prime factors of (29/(-9) - 2/18)*y.
2, 5, 17
Let d(k) = -k - 5. Let m be d(-3). Let f = m + 2. Suppose b + 2*u + 2*u + 6 = f, b = 3*u + 15. List the prime factors of b.
2, 3
Let o = -974 + 2976. List the prime factors of o.
2, 7, 11, 13
Let q = 116 - 0. What are the prime factors of q?
2, 29
Suppose -i = 6 - 10. Let d(z) = z**2 - 3*z - 5. Let a be d(i). List the prime factors of (-2 - a)*-1*17.
17
List the prime factors of 7*(-8)/(-28) + 472.
2, 3, 79
Let o be 3 + -1 + (-8 - -8). Suppose -o*h = 4*h - 228. List the prime factors of h.
2, 19
Suppose -2*v + f + 252 = 0, 0 = -3*v + 2*f + 142 + 238. Let j = -103 + v. List the prime factors of j.
3, 7
Let q = 13 - -8. Suppose q = 3*t + 9. Suppose -t*z + 2*z + 30 = 0. List the prime factors of z.
3, 5
Suppose 0 = -7*j + 5888 + 1903. List the prime factors of j.
3, 7, 53
Let s(i) = -i**3 + 24*i**2 - 40*i - 23. What are the prime factors of s(13)?
2, 7, 47
Suppose 3*m - 2*b = -0*b - 24, -4*m = 3*b + 15. Let w = m - -39. Suppose l = -f + w, -3*f + 177 = 5*l - f. What are the prime factors of l?
37
Let k(d) = -d**2 + 12*d + 11. Let n(u) = u**2 + 7*u - 21. Let h be n(-9). Let c be 6 - (-1 - -2)*h. What are the prime factors of k(c)?
2, 19
Suppose -66 + 46 = -5*d. Let k(p) = 9*p**2 + p - 8. What are the prime factors of k(d)?
2, 5, 7
Let l = -7 - -12. Let d be (-2)/((-6)/(-9)) + l. Suppose -d*z - z + 147 = 0. List the prime factors of z.
7
Suppose 4*r - 20 = -0*r. Suppose f + 2*x - r = -2*f, -3*x = 2*f + 5. What are the prime factors of (-45)/6*(-4)/f?
2, 3
Let l = 3491 + -1559. List the prime factors of l.
2, 3, 7, 23
Let u(f) = 63*f**3 - f. Suppose 32 = 2*v - 0*v. Suppose 2*b = 2*c - 9 - 3, c - 3*b = v. List the prime factors of u(c).
2, 31
Let x(r) = -r**3 - 6*r**2 - 10*r - 10. Let l be ((-43)/5 - -1) + 2/(-5). What are the prime factors of x(l)?
2, 3, 11
Let j(p) = -50*p - 9. Let q be 63/(-9) + (-9)/(-3 + 0). What are the prime factors of j(q)?
191
Let b(i) be the third derivative of i**4/24 + i**3/2 - 14*i**2. Suppose -5*h + 16 = -4. What are the prime factors of b(h)?
7
Let b be (3/(-45))/((-2)/12)*10. Suppose -2*f + b*c = 2 - 4, 2 = f - c. List the prime factors of f.
3
Let y = 7 + -7. Suppose -3*j + 63 = -a - 205, y = -5*j + a + 444. Suppose -4*h + 4*o = -j, h - 64 = -2*h + 5*o. What are the prime factors of h?
23
Let j be 24*(1 + 34/8). Suppose 3*c = -a + 205, 2*a + j = 2*c - 0*a. List the prime factors of c.
67
Let i be 6/15 - 1238/(-5). Suppose -424 = -5*y + 3*f, 2*y = 2*f - 76 + i. List the prime factors of y.
83
Let y = -256 + 760. Suppose 29*k = 25*k + y. What are the prime factors of k?
2, 3, 7
Suppose -3*p - 2*u = -5*p - 46, 3*p + 65 = 5*u. Let v = p + 64. List the prime factors of v.
3, 13
Suppose -7*u + 170 + 173 = 0. Let l = -22 + u. List the prime factors of (-24)/(-10)*450/l.
2, 5
Suppose 9*l - 8573 = 7*l - 5*u, 0 = -4*l + 3*u + 17159. List the prime factors of l.
4289
Let p(l) = 4*l + 358. Let j be p(0). Suppose 4*g + 515 = 4*t + 51, -g = -3*t + j. List the prime factors of t.
11
Suppose -5*j - 3*n = -421, -2*j - 3*j + 445 = -5*n. Suppose -3*y = -3*x + 156 - 27, -j = -2*x - y. List the prime factors of x.
43
Let p(m) = -253*m - 3. List the prime factors of p(-3).
2, 3, 7
Let r(k) = -17*k - 9. Let w be r(6). Let h = -53 - w. List the prime factors of h.
2, 29
Suppose -3*j - 13 = 23. Let w = 12 + j. Suppose w = 4*b - b - 72. List the prime factors of b.
2, 3
Suppose 2*q = -37 + 1. List the prime factors of (-2476)/(-24) - (-1)/q*3.
103
Let f(s) = 64*s + 202. List the prime factors of f(11).
2, 3, 151
Let n(l) = 34*l + 268. List the prime factors of n(-7).
2, 3, 5
Let p(o) = 18*o + 5. Let j(s) = -17*s - 4. Let v(m) = 4*j(m) + 3*p(m). Suppose -3*h - 9 = -3. What are the prime factors of v(h)?
3
Suppose 0 = -3*u - 3*o + 15, 3*u - 4*o = -2*u - 2. Suppose -2*k - u*x = -160, -4*k - 5*x + 320 = -3*x. List the prime factors of k.
2, 5
Let k(f) = -f - 3. Let i(q) = q**2 + 9*q - 10. Let m be i(-10). Let n be k(m). What are the prime factors of ((-12)/7)/(n/21)?
2, 3
Suppose 0 = -2*s - 3*l + 1839, 747 + 162 = s - 2*l. List the prime factors of s.
3, 5, 61
Suppose 15*z = 7939 + 9536. List the prime factors of z.
5, 233
Let k(i) = -14*i**3 + 14*i**2 - 9*i + 2. Let r(w) = -5*w**3 + 5*w**2 - 3*w + 1. Let t(h) = 6*k(h) - 17*r(h). What are the prime factors of t(6)?
157
Let h(z) = z**2 + 30*z - 676. What are the prime factors of h(-68)?
2, 3, 53
Let b = -5 - -13. Let r = b + -6. Suppose -3*t - 50 = -5*d, 4*d - 3*d + r*t = 10. List the prime factors of d.
2, 5
Let k be (-2)/4 - (-55)/2. Suppose 5*a - 4*m = k, -4*m + 43 = 3*a + 2*a. Suppose -q + 2*h + 37 = 0, -95 = -a*q + 4*q - 2*h. What are the prime factors of q?
3, 11
Let d(k) = -k**2 - 12*k + 2. Let q be d(-12). Suppose -u = b - 28, -b + 5*u + 68 = q*b. Let y = 81 - b. What are the prime factors of y?
5, 11
Suppose 0 = 2*z - 7*z + 340. Let a = -5 + z. List the prime factors of a.
3, 7
Let m be (-15)/(-25) + 0 + 5931/15. Suppose 0 = -2*a - 3 + 1, 0 = -3*z - 3*a + m. What are the prime factors of z?
7, 19
Let s = -48 + 33. Let k be 3/(((-18)/4)/3). Let v = k - s. What are the prime factors of v?
13
Suppose -18*l + 22698 = -12*l. List the prime factors of l.
3, 13, 97
Suppose -5 = 37*u - 38*u. Suppose -x + 4*x - 480 = -4*q, -u*x - 389 = -3*q. What are the prime factors of q?
3, 41
Suppose 2*z + t + 4*t = 63, 5*z - t - 144 = 0. Suppose -130 = -4*r - 4*j - 30, z = r - 3*j. What are the prime factors of r?
2, 13
Let k(v) = v**3 + 5*v**2 + 3*v - 2. Let r = -12 - -9. Let q be k(r). Suppose -11*t + 132 = -q*t. List the prime factors of t.
3, 11
Let s be (-40)/(-6)*6/4. Suppose -y + 3 = -18. Let h = y + s. List the prime factors of h.
31
Let y(g) = 37*g + 50. List the prime factors of y(11).
457
Let i(x) = x**3 + 5*x**2 - 4. Let z be i(5). Suppose 7*w = 4*w + z. What are the prime factors of w?
2, 41
Suppose 4 = -2*w - 0*w, a + 4*w + 2 = 0. Suppose -3*j = 2*j - x - 63, 5*x + 39 = 2*j. What are the prime factors of a/j - (-75)/2?
2, 19
Let i = -617 + 343. Let x = -114 - i. List the prime factors of x.
2, 5
Suppose 186*q = 174*q + 16320. List the prime factors of q.
2, 5, 17
Let u(b) = 5*b**3 